
True
Is 6 a factor of 1467?
False
Is 71123 a multiple of 13?
True
Is 19 a factor of 1851?
False
Is 7 a factor of 4471?
False
Is 15 a multiple of 4?
False
Does 6 divide 12396?
True
Is 52 a multiple of 5?
False
Does 6 divide 174?
True
Is 82 a factor of 2706?
True
Does 11 divide 9372?
True
Does 42 divide 7002?
False
Is 88776 a multiple of 24?
True
Is 1795 a multiple of 50?
False
Does 15 divide 2865?
True
Is 21 a factor of 4627?
False
Does 6 divide 942?
True
Does 4 divide 437?
False
Is 30 a factor of 26250?
True
Is 6 a factor of 403?
False
Is 22 a factor of 3850?
True
Does 153 divide 53244?
True
Does 7 divide 231?
True
Is 211 a factor of 5275?
True
Is 18 a factor of 798?
False
Does 143 divide 14855?
False
Does 23 divide 162?
False
Is 21896 a multiple of 28?
True
Does 274 divide 73878?
False
Does 31 divide 36?
False
Is 132769 a multiple of 13?
True
Is 884 a multiple of 17?
True
Does 57 divide 285?
True
Is 17 a factor of 683?
False
Is 49 a multiple of 3?
False
Is 47698 a multiple of 41?
False
Is 639 a multiple of 3?
True
Does 22 divide 8212?
False
Is 9 a factor of 12870?
True
Is 1671 a multiple of 8?
False
Does 92 divide 2116?
True
Is 75 a factor of 75?
True
Does 20 divide 12460?
True
Is 113 a factor of 5085?
True
Is 43488 a multiple of 12?
True
Is 30996 a multiple of 47?
False
Is 4900 a multiple of 5?
True
Is 130 a factor of 154?
False
Is 4585 a multiple of 20?
False
Is 15872 a multiple of 8?
True
Is 100475 a multiple of 16?
False
Is 61 a factor of 11298?
False
Is 61 a factor of 57532?
False
Is 84 a factor of 2376?
False
Is 411 a multiple of 6?
False
Is 61 a multiple of 10?
False
Is 30 a factor of 29037?
False
Does 12 divide 819?
False
Is 4914 a multiple of 52?
False
Is 14 a factor of 1050?
True
Is 160 a factor of 19040?
True
Is 3 a factor of 1125?
True
Does 3 divide 323?
False
Is 6 a factor of 6?
True
Does 22 divide 17776?
True
Is 118008 a multiple of 24?
True
Is 15 a factor of 773?
False
Does 5 divide 456?
False
Is 21 a factor of 3549?
True
Is 8567 a multiple of 13?
True
Is 8496 a multiple of 118?
True
Is 20 a factor of 1600?
True
Is 546 a multiple of 4?
False
Does 18 divide 2358?
True
Does 7 divide 1925?
True
Is 12 a factor of 1346?
False
Is 39 a factor of 455?
False
Is 21 a factor of 3801?
True
Is 3 a factor of 2845?
False
Is 85 a factor of 680?
True
Is 7 a factor of 587?
False
Does 16 divide 2280?
False
Is 15 a factor of 470?
False
Is 560 a multiple of 14?
True
Is 6 a factor of 464?
False
Is 195207 a multiple of 18?
False
Does 24 divide 12072?
True
Does 9 divide 1928?
False
Is 640 a multiple of 16?
True
Does 219 divide 35544?
False
Is 73525 a multiple of 12?
False
Does 195 divide 32760?
True
Is 14 a factor of 6638?
False
Does 38 divide 18658?
True
Does 12 divide 996?
True
Does 366 divide 24016?
False
Does 40 divide 8480?
True
Is 54 a multiple of 52?
False
Does 38 divide 4750?
True
Is 8 a factor of 5633?
False
Is 5 a factor of 16273?
False
Does 6 divide 336?
True
Is 965 a multiple of 12?
False
Is 357 a multiple of 3?
True
Is 42 a factor of 99524?
False
Is 176 a factor of 7587?
False
Is 118 a factor of 12980?
True
Is 32513 a multiple of 68?
False
Is 807 a multiple of 6?
False
Is 4884 a multiple of 33?
True
Does 58 divide 19256?
True
Is 333 a factor of 67599?
True
Is 20416 a multiple of 58?
True
Does 344 divide 29266?
False
Is 8100 a multiple of 81?
True
Is 89953 a multiple of 121?
False
Does 21 divide 21210?
True
Is 927 a multiple of 68?
False
Does 9 divide 675?
True
Is 7 a factor of 46004?
True
Does 18 divide 83322?
True
Is 21 a factor of 2856?
True
Is 2355 a multiple of 15?
True
Is 114 a factor of 3087?
False
Does 100 divide 2200?
True
Is 304 a multiple of 38?
True
Does 23 divide 5566?
True
Is 6 a factor of 210?
True
Is 5 a factor of 15366?
False
Is 5502 a multiple of 15?
False
Does 37 divide 23717?
True
Is 10 a factor of 89?
False
Is 18 a factor of 2610?
True
Does 9 divide 13403?
False
Does 11 divide 837?
False
Is 24 a factor of 13200?
True
Is 12 a factor of 2155?
False
Is 6776 a multiple of 8?
True
Does 53 divide 53?
True
Does 4 divide 568?
True
Is 598 a multiple of 46?
True
Is 12843 a multiple of 13?
False
Is 4 a factor of 2187?
False
Is 36120 a multiple of 24?
True
Does 100 divide 4900?
True
Is 5 a factor of 3042?
False
Is 6 a factor of 3796?
False
Is 8 a factor of 448?
True
Is 940 a multiple of 20?
True
Is 6954 a multiple of 19?
True
Is 5 a factor of 7145?
True
Is 4975 a multiple of 36?
False
Is 16 a factor of 1136?
True
Is 486 a factor of 176418?
True
Is 500 a multiple of 50?
True
Is 5 a factor of 2133?
False
Is 45 a multiple of 15?
True
Is 217 a multiple of 23?
False
Does 2 divide 143?
False
Does 46 divide 828?
True
Is 22048 a multiple of 14?
False
Is 14 a factor of 112?
True
Is 74 a factor of 49876?
True
Is 137210 a multiple of 10?
True
Is 31 a factor of 1788?
False
Is 22 a factor of 6741?
False
Does 34 divide 39782?
False
Is 190 a factor of 95190?
True
Is 185 a factor of 2775?
True
Is 154 a factor of 22867?
False
Is 677 a multiple of 39?
False
Is 11 a factor of 50875?
True
Is 63 a factor of 1477?
False
Is 81 a factor of 1076?
False
Does 5 divide 49?
False
Is 14814 a multiple of 142?
False
Is 15 a factor of 1980?
True
Is 17 a factor of 167?
False
Does 7 divide 87?
False
Is 12 a multiple of 12?
True
Is 6242 a multiple of 33?
False
Is 21 a factor of 294?
True
Is 69 a factor of 60927?
True
Is 219 a factor of 219?
True
Does 56 divide 441?
False
Is 49 a multiple of 2?
False
Does 5 divide 5155?
True
Does 73 divide 8192?
False
Does 7 divide 1385?
False
Is 3382 a multiple of 72?
False
Does 38 divide 1597?
False
Does 4 divide 883?
False
Is 972 a multiple of 81?
True
Is 5150 a multiple of 30?
False
Is 14 a factor of 1715?
False
Is 43286 a multiple of 114?
False
Is 42 a multiple of 7?
True
Is 27 a factor of 2405?
False
Does 87 divide 8913?
False
Is 2142 a multiple of 51?
True
Does 13 divide 10335?
True
Is 414 a multiple of 207?
True
Is 318 a multiple of 138?
False
Is 3502 a multiple of 6?
False
Does 143 divide 1430?
True
Is 3 a factor of 95?
False
Does 7 divide 5040?
True
Is 11849 a multiple of 11?
False
Is 35265 a multiple of 9?
False
Is 24 a factor of 6749?
False
Does 91 divide 7007?
True
Is 18 a factor of 1602?
True
Is 83 a factor of 10659?
False
Is 3798 a multiple of 18?
True
Does 2 divide 10643?
False
Is 1369 a multiple of 9?
False
Does 234 divide 57310?
False
Is 567 a multiple of 22?
False
Does 13 divide 55029?
True
Does 54 divide 433?
False
Is 816 a multiple of 13?
False
Is 474 a multiple of 5?
False
Is 2865 a multiple of 191?
True
Does 22 divide 346?
False
Is 5 a factor of 1091?
False
Does 18 divide 933?
False
Is 38 a factor of 6302?
False
Is 14 a factor of 5594?
False
Is 5 a factor of 1280?
True
Is 26 a factor of 6114?
False
Is 569 a multiple of 2?
False
Is 1768 a multiple of 34?
True
Is 7 a factor of 175?
True
Is 47 a factor of 7453?
False
Is 23 a factor of 16400?
False
Is 1727 a multiple of 21?
False
Does 28 divide 10416?
True
Is 19 a factor of 4997?
True
Is 368 a multiple of 83?
False
Is 347 even?
False
Is 6 a factor of 457?
False
Does 60 divide 4530?
False
Is 17125 a multiple of 8?
False
Is 5281 a multiple of 64?
False
Does 20 divide 10655?
False
Is 18 a factor of 1530?
True
Does 8 divide 1235?
False
Is 61 a factor of 39711?
True
Is 344 a multiple of 9?
False
Is 2472 a multiple of 12?
True
Is 7 a factor of 448?
True
Does 31 divide 313?
False
Is 34 a factor of 15980?
True
Is 64795 a multiple of 121?
False
Does 66 divide 28512?
True
Is 52098 a multiple of 114?
True
Does 5 divide 769?
False
Does 14 divide 1932?
True
Is 322 a factor of 5474?
True
Is 441 a multiple of 22?
False
Is 1320 a multiple of 66?
True
Is 944 a multiple of 33?
False
Does 7 divide 84?
True
Is 18696 a multiple of 3?
True
Is 25180 a multiple of 5?
True
Is 12 a factor of 1272?
True
Is 103 a factor of 25599?
False
Is 26 a factor of 2990?
True
Is 50346 a multiple of 18?
True
Is 12 a factor of 733?
False
Does 4 divide 1705?
False
Does 7 divide 22071?
True
Does 5 divide 175?
True
Is 37 a factor of 2512?
False
Does 23 divide 36105?
False
Does 3 divide 45?
True
Is 492 a multiple of 128?
False
Is 428 a multiple of 47?
False
Is 21 a factor of 1260?
True
Is 124 a factor of 3348?
True
Is 310 a multiple of 34?
False
Does 23 divide 1311?
True
Is 28 a factor of 224?
True
Is 61